Let c(r) = 27*r**2 + r. Let m be (-6)/(-2) + -5 + 1. Let x be c(m). Calculate the greatest common factor of x and 182.
26
Suppose y = 2 - 7, y = -4*o + 11. Let m be (-7 + 1 + 1)*-1. Suppose n - 3 = m. Calculate the highest common factor of o and n.
4
Suppose 0 = -18*f + 3*f + 3060. What is the highest common divisor of f and 12?
12
Let k(y) = -y**3 + 7*y**2 - 7*y + 4. Let p be k(4). Suppose 0 = 3*h - h - p. Calculate the highest common factor of h and 12.
12
Let h(l) be the first derivative of -l**3/3 + 3*l**2 - 4*l + 2. Let p be h(4). Suppose 5 = 2*d - 3. What is the greatest common factor of p and d?
4
Suppose 3*i - 1 = 4*i. Let d be (i/1)/(4/(-96)). Calculate the greatest common divisor of 8 and d.
8
Let z be 2*2/2 - 1. Let b be 1/z - 16/(-1). Calculate the greatest common factor of b and 136.
17
Suppose 2*m - 3*u + 6 - 23 = 0, 5*m = -5*u + 105. Suppose -151 = -4*p - 3*o, o - 188 = -5*p - 3*o. Calculate the greatest common factor of m and p.
8
Let g be (-16)/(-6)*(11/4 - 2). What is the highest common factor of g and 1?
1
Let l = 60 + -4. What is the highest common factor of l and 28?
28
Suppose 11*m = 12*m - 56. What is the highest common factor of 84 and m?
28
Let b be (-10)/(-8)*76/19. Suppose -w + 25 - b = 0. Calculate the highest common divisor of w and 10.
10
Suppose -4*p + 234 = -334. Let h = p + -54. Calculate the greatest common divisor of 11 and h.
11
Let d(c) = 3*c**2 + 2 - 9*c + 4 - 2*c**2. Let w be d(6). Let r = 0 - w. What is the highest common factor of 3 and r?
3
Suppose -16 + 288 = 2*q. Suppose 3*i - 194 = q. What is the highest common factor of 10 and i?
10
Suppose -3*t + 9 = 0, z - 2*t = t + 18. Let w = 13 + 5. What is the highest common divisor of w and z?
9
Suppose 5*k - 2317 = -3*g, 1858 = -k + 5*k - 2*g. Calculate the highest common divisor of k and 29.
29
Suppose 0 = 8*r - 124 - 20. Calculate the highest common factor of r and 45.
9
Suppose -52*g + 43*g = -288. Suppose -3*d + 19 = -2*i + 4*i, -1 = -d. Calculate the highest common divisor of g and i.
8
Let t(n) = n**3 + 7*n**2 + 2*n + 9. Let w be t(-7). Let z be (-228)/10 - w/(-25). Let d be (-1 + -1)/(2/z). What is the greatest common factor of d and 46?
23
Suppose a - 4 + 1 = 0. Suppose 0 = 2*v - h + 11, -a*v + 2*h + 2*h = 9. Let m = 3 - v. What is the greatest common factor of m and 2?
2
Let v = -5 - 0. Let c = -4 - v. Let l be (1 - 3) + 7 + c. What is the greatest common divisor of 6 and l?
6
Suppose -32 = -k + 5*n, -2*k + 2*n = 7*n + 11. Let p = 2 - 3. Let c = k - p. Calculate the greatest common divisor of 8 and c.
8
Let i be 2/2 - 1 - -119. Suppose -30 - 10 = -k - 3*f, -2*k - 3*f = -71. Let l = k - 14. What is the highest common factor of i and l?
17
Let u be (1 + -2)/((-3)/15). Suppose s - 20 = 6*s - 5*o, -2*s + o = u. Let t be 1*231/(2 - s). What is the highest common factor of t and 11?
11
Let o be (-4 - (2 - 5))*-9. What is the highest common factor of 18 and o?
9
Suppose -m - 9 = -63. Suppose 2*h - 5*h + m = 0. What is the greatest common divisor of 2 and h?
2
Let h(y) = -y**2 - 9*y - 10. Let u be h(-7). Calculate the greatest common divisor of 16 and u.
4
Suppose 10*u - 499 - 141 = 0. Calculate the greatest common factor of u and 8.
8
Let f = 15 + 5. Suppose 2*d = 3*d - f. What is the highest common factor of 50 and d?
10
Suppose y + 0 = 2. Suppose j - 6*z + 3 = -y*z, 0 = 4*j - z - 18. Suppose 0 = -3*p + 16 + j. What is the greatest common factor of 7 and p?
7
Let r = 22 + -20. Let l(p) = 3*p**3 - 2*p**2 - p. Let j be l(2). What is the highest common factor of r and j?
2
Let w(o) = o**3 - 3*o**2 - 4*o + 4. Let l be w(4). Let x be (l/(-6))/(1/6). Let f be ((-3)/4)/(x/48). What is the greatest common factor of 3 and f?
3
Let a = -168 + 184. Calculate the greatest common divisor of 12 and a.
4
Let q be 3*(-3)/(6/(-40)). Calculate the highest common factor of 40 and q.
20
Suppose -r = -0*r - 2. Suppose -2*h - 5*s = -6*h - 4, -16 = -r*h - 2*s. Let j be 6/h*22/3. What is the greatest common factor of 11 and j?
11
Let z be 90 - (-4 - (2 - 5)). Suppose -10 = 3*o - z. Let u be (-6)/5*-1*90. What is the highest common factor of o and u?
27
Let p be (1 - 0 - -108) + 3. Let z be (1*-1)/(2/(-10)). Suppose 5*b = -z + 75. Calculate the highest common divisor of b and p.
14
Suppose -2*x + 86 = l, -3*l - x = l - 358. What is the greatest common factor of l and 30?
30
Let g(d) = -d + 1. Let v be g(-2). Let q(o) = o**2 + 4*o - 4. Let j be q(v). Suppose -187 = -5*h + 4*h. What is the greatest common factor of h and j?
17
Suppose -23 - 13 = -3*x. What is the highest common factor of 3 and x?
3
Suppose n - 2*m = -8, -20 = 3*n + 2*m + 4. Let j = 14 + n. Suppose -b + 17 = j. What is the highest common factor of b and 11?
11
Let h(w) = -5*w. Let k be h(-4). Calculate the greatest common divisor of k and 10.
10
Let s = 3 + -2. Let a be (5 - 2)/(0 - s). Let f(w) = -14*w - 4. Let u be f(a). Calculate the highest common divisor of 95 and u.
19
Let n be 14/4 - 9/18. Suppose -4*q + 52 = n*w, w - 44 = -2*w - 2*q. What is the highest common factor of 4 and w?
4
Let x be (-2)/5 + 56/(-10). Let r = x - -11. Suppose -4*z + 39 = r*b - 14, 4*z = -2*b + 14. What is the highest common factor of 117 and b?
13
Let w be (-16)/(-3)*(-6)/(-4). Suppose m + 7*i - 2*i + 6 = 0, -5*i - 12 = 2*m. Let r be 4/m + 244/6. What is the highest common factor of w and r?
8
Let k(g) = 5*g**2 + 34*g - 4. Let r be k(-7). What is the greatest common factor of r and 27?
3
Let c be ((480/(-9))/5)/((-2)/3). Calculate the highest common divisor of c and 8.
8
Let b(w) = -6*w - 5. Let g be b(-4). Suppose -z + 4*f + 156 = -27, f = 5*z - 858. What is the highest common factor of g and z?
19
Let o be (-52)/(-6) + 0 - (-3)/9. Calculate the greatest common divisor of 6 and o.
3
Let n(z) = -z**3 - z**2 + z + 4. Let u be n(0). Calculate the greatest common divisor of 36 and u.
4
Suppose -6 = -3*g + 2*u, 2*g + 3*g = 4*u + 10. Suppose -g*k = 50 - 122. Calculate the highest common divisor of 12 and k.
12
Let y be 814/30 + (-16)/120. Calculate the greatest common factor of y and 216.
27
Let u be 3/6*(-77 + 1). Let g = u - -53. What is the greatest common divisor of 5 and g?
5
Suppose 0*d + 17 = d. Let w be 0/(-14) + 17*11. Calculate the greatest common factor of w and d.
17
Let k(r) = r**3 + 2*r**2 - 3*r + 3. Let d be k(-3). Suppose 0 = i - 5 - d. Let m be ((-4)/(-12))/(1/6). Calculate the greatest common divisor of i and m.
2
Suppose -9*i - 20 = -110. Calculate the highest common factor of 35 and i.
5
Suppose b + 2 = -b. Let o be b/((-3)/(-12)*-2). What is the greatest common divisor of 10 and o?
2
Let n = 16 + 144. Suppose 3*g - n = g. Calculate the highest common factor of 10 and g.
10
Let m(t) = -t**2 - 8*t + 3. Let p be m(-8). Suppose -r - p = -5*v - 19, 4*r = 4*v + 80. What is the highest common factor of 21 and r?
21
Let d(l) = 207*l**3 - l + 1. Let j be d(1). Let m = -401 + j. Let h be m/(-18) - (-10)/45. What is the highest common factor of h and 33?
11
Suppose -j - 3 = -3*o, 3*j + 4*o + 0*o = 56. What is the greatest common divisor of 24 and j?
12
Suppose 1157 + 427 = 12*q. What is the highest common factor of q and 33?
33
Let x be (-410)/(-6) + 0 - (-10)/15. What is the greatest common factor of x and 46?
23
Suppose -5*m - 5*r = -180, 0*m - 2*m - 3*r + 73 = 0. Let k be (2 + 1 + 1)*-2. Let y be 14*(-4)/(k/1). What is the highest common factor of y and m?
7
Let o(n) = -6*n + 3*n - 10*n**3 - 4*n**3 - 3 + 2*n**3. Let b be o(-2). Suppose b = -g + 2*g. What is the greatest common divisor of g and 11?
11
Suppose 0 = 3*z - 4*i - 30 - 11, -3*z + 3*i + 42 = 0. What is the greatest common divisor of 120 and z?
15
Suppose 59 = 2*t - 1. Calculate the highest common factor of 10 and t.
10
Suppose 0 = -5*u + 4*s - 4, 3 = u - 4*u + 3*s. Suppose 3*g - 2*k + 7 = 0, 2*k - 16 + 6 = u. Calculate the highest common divisor of g and 8.
1
Suppose -3*l + l = 0. Suppose -2*p - 5*x + 33 - 5 = l, -2*x = -3*p + 4. Suppose -r - 3 = -p. What is the greatest common factor of r and 7?
1
Suppose -1 = x - 8. Suppose 15 = 2*j - x*j. Let p be j*(-1 - (-15)/(-9)). Calculate the greatest common factor of p and 20.
4
Suppose -4*q = 49 - 9. Let p = q + 20. What is the highest common divisor of p and 20?
10
Let a be 57/12 - (-2)/8. Let f(w) = w - 6. Let j be 